 t(w) = -13*w**3 + 637*w**2 + 26*w - 1316. Determine t(49).
-42
Let l(y) = 16738*y - 16529. Calculate l(1).
209
Let g(k) = 43*k**3 + 20*k**2 - 133*k + 124. Give g(1).
54
Let h(p) = 35*p**2 - 403*p - 1064. Determine h(10).
-1594
Let j(s) = 41778*s + 250577. Determine j(-6).
-91
Let q(f) = 28*f**3 - 468*f**2 + 1407*f + 63. What is q(4)?
-5
Let x(q) = -2*q**2 - 52822*q + 475457. What is x(9)?
-103
Let h(a) = -82*a + 17852. Give h(157).
4978
Let g(t) = -116025*t + 928195. Determine g(8).
-5
Let x(y) = -991*y + 1924. Determine x(2).
-58
Let s(j) = -j**3 + j**2 - 1273*j + 5111. Give s(4).
-29
Let y(w) = 289*w + 232. Give y(1).
521
Let q(u) = -47*u + 1891. Give q(16).
1139
Let n(u) = -u**2 + 1975*u + 13863. Determine n(-7).
-11
Let b(m) = 696*m + 3465. Determine b(-4).
681
Let r(p) = 84*p + 9255. Calculate r(-150).
-3345
Let i(y) = 7*y - 214. Determine i(2).
-200
Let x(t) = -57*t**2 - 299*t + 76. What is x(-4)?
360
Let o(n) = -176*n + 62290. Determine o(354).
-14
Let q(o) = 2*o**3 + 275*o**2 - 127*o + 911. What is q(-138)?
-607
Let a(j) = 1324*j - 309819. What is a(234)?
-3
Let b(o) = 82*o - 6666. Give b(81).
-24
Let v(u) = 948*u + 55191. What is v(-58)?
207
Let z(b) = b**2 + 2806*b - 224919. Determine z(78).
33
Let a(q) = -12*q**3 + 5*q**2 + 282*q - 453. What is a(4)?
-13
Let z(w) = -w**3 - 59*w**2 - 615*w - 186. Determine z(-13).
35
Let k(g) = 21*g**3 - 35*g + 51. Calculate k(2).
149
Let d(v) = -2*v**3 + 4*v**2 + 22408*v - 89655. Give d(4).
-87
Let k(c) = 125*c + 18121. Give k(-120).
3121
Let a(k) = 2646*k + 76733. Calculate a(-29).
-1
Let o(x) = 2*x**3 - 14*x**2 - 99*x + 723. Determine o(9).
156
Let o(b) = -41*b**3 + b**2 - 14*b + 60. Determine o(3).
-1080
Let z(n) = -19*n**3 + 70*n**2 - n + 99. What is z(4)?
-1
Let v(a) = -128*a + 7053. Give v(55).
13
Let x(j) = j**3 - 12*j**2 + 5172*j - 25680. Determine x(5).
5
Let u(p) = -39914*p + 558821. Calculate u(14).
25
Let c(b) = 13*b**2 + 255*b + 56. Give c(-16).
-696
Let i(d) = 290*d**2 - 23788*d + 588. Calculate i(82).
-68
Let g(d) = 30*d**3 - 8791*d**2 + 267*d + 7697. Determine g(293).
79
Let r(a) = 23701*a - 782143. Determine r(33).
-10
Let s(x) = -5*x**2 + 13416*x + 352198. What is s(-26)?
2
Let v(l) = -354*l**2 + 2477*l - 4956. What is v(2)?
-1418
Let z(m) = 7*m**3 + 169*m**2 - 182*m - 659. Calculate z(-25).
141
Let c(w) = 3*w**2 - 4041*w - 174859. Give c(-42).
155
Let k(q) = 4225*q + 143500. Give k(-34).
-150
Let y(w) = w**3 + 145*w**2 + 1874*w + 37025. Calculate y(-133).
51
Let s(o) = -2*o**3 - 85*o**2 + 377*o + 5. Give s(4).
25
Let x(k) = -9*k**3 - 36*k**2 - 49*k - 33. Calculate x(-4).
163
Let i(o) = -375*o + 9644. Give i(25).
269
Let u(r) = -r**3 + 54*r**2 - 60*r - 2250. Determine u(52).
38
Let w(y) = y**3 + 89*y**2 - 1104*y - 394. Calculate w(-100).
6
Let l(j) = -7*j**2 - 208*j - 135. Determine l(-27).
378
Let m(l) = -3*l**2 + 12*l + 258. Give m(-7).
27
Let s(i) = 12*i**3 - 296*i**2 - 111*i + 196. Calculate s(25).
-79
Let j(i) = -2280*i - 13286. Calculate j(-6).
394
Let k(a) = 1840*a + 13233. What is k(-8)?
-1487
Let d(n) = 5118*n - 117928. Calculate d(23).
-214
Let h(k) = k**3 - 5087*k**2 - 15285*k - 47. What is h(-3)?
-2
Let c(s) = -3*s**3 - 2*s**2 + 33*s + 8. What is c(-6)?
386
Let y(q) = -q**3 - 8*q**2 + 14268*q + 114148. Calculate y(-8).
4
Let y(k) = 7*k**2 - 2385*k + 87309. Give y(299).
1
Let n(z) = 2*z**3 + 1334*z**2 - 3867*z + 102513. Calculate n(-670).
3
Let z(s) = -267944*s + 803842. Determine z(3).
10
Let y(z) = 5*z**2 + 2058*z + 22038. Calculate y(-11).
5
Let j(o) = -o**2 + 426*o + 19710. Give j(-43).
-457
Let o(u) = -182*u**2 + 12735*u + 338. What is o(70)?
-12
Let p(t) = 6170*t - 86621. What is p(14)?
-241
Let a(g) = -131612*g - 3553514. What is a(-27)?
10
Let o(p) = 9*p**2 + 92*p - 1718. Calculate o(-20).
42
Let k(u) = u**2 + 18*u - 9989. What is k(92)?
131
Let s(p) = -109*p**2 + 57*p - 334. Determine s(6).
-3916
Let j(h) = 2*h**3 + 16*h**2 - 1304*h - 152. Determine j(22).
200
Let k(z) = 10*z**3 + 142*z**2 + 128*z - 357. What is k(-13)?
7
Let o(n) = 57*n**2 - 5262*n + 52241. Calculate o(81).
-4
Let t(a) = 5*a**3 - 21*a**2 + 24*a + 19. Determine t(9).
2179
Let c(j) = 174*j - 2672. Calculate c(16).
112
Let f(p) = p**3 + 54*p**2 - 499*p - 4731. What is f(-6)?
-9
Let u(j) = 2*j**2 - 28480*j - 170963. Determine u(-6).
-11
Let v(h) = -h**3 - 2*h**2 + 160*h + 1176. Determine v(-7).
301
Let n(s) = s**3 + 5*s**2 - 240*s - 1768. What is n(-8)?
-40
Let k(g) = -g**3 - 16*g**2 + 2633*g - 12630. Calculate k(5).
10
Let g(t) = -t**3 - 16*t**2 + 135*t - 29. Determine g(-22).
-95
Let t(h) = -6344*h - 361716. Determine t(-57).
-108
Let g(q) = 5826*q + 29200. Calculate g(-5).
70
Let l(r) = 82*r**2 - 16*r - 19. Give l(5).
1951
Let r(m) = -24595*m + 2680847. Calculate r(109).
-8
Let u(f) = -f**3 + 129*f**2 + 296*f - 21576. Give u(130).
4
Let d(s) = s**2 - 35712*s - 321507. Determine d(-9).
-18
Let p(d) = 6157*d**2 - 18473*d + 10. Calculate p(3).
4
Let d(c) = 3*c**3 + 408*c**2 - 83*c - 11316. Calculate d(-136).
-28
Let k(h) = -h**3 + 22*h**2 - 268*h + 1571. What is k(12)?
-205
Let o(l) = 1644*l - 277807. Calculate o(169).
29
Let b(n) = 8*n**3 - 59*n**2 + 107*n + 9. Give b(4).
5
Let v(u) = 981*u + 10017. Calculate v(-10).
207
Let p(z) = -90*z - 666. Give p(-20).
1134
Let y(s) = 3*s**2 + 78*s - 771. What is y(9)?
174
Let d(m) = -m**3 - 55*m**2 + 71*m - 5. What is d(-56)?
-845
Let v(y) = -104*y**2 - 14*y - 62. Determine v(-2).
-450
Let c(f) = -1512*f - 2542. Determine c(-2).
482
Let o(r) = -19*r**2 + 1934*r - 15641. Determine o(93).
-110
Let t(h) = -h**3 - 104*h**2 + 1074*h + 6424. Calculate t(-113).
-17
Let r(b) = -b**3 - 146*b**2 + 3*b - 279. Calculate r(-146).
-717
Let q(d) = -67*d**2 - 1143*d - 3347. Determine q(-4).
153
Let k(r) = -13*r**2 - 75*r - 742. What is k(-7)?
-854
Let r(z) = -4323*z**2 + 17302*z + 12. What is r(4)?
52
Let y(u) = -u**2 - 29950*u - 179651. Give y(-6).
13
Let i(h) = -42*h**3 - 166*h**2 + 17*h - 19. Give i(-4).
-55
Let y(c) = -4371*c + 249148. Determine y(57).
1
Let g(x) = -23*x**3 - 38*x**2 + 26*x + 8. Determine g(-2).
-12
Let h(w) = -5227*w - 9429494. Calculate h(-1804).
14
Let w(m) = 15*m**3 - 63*m**2 - 131*m + 585. Determine w(4).
13
Let c(z) = -154*z + 12395. What is c(89)?
-1311
Let t(z) = z**2 - 2105*z + 104648. Calculate t(51).
-106
Let k(u) = 3*u**2 + 152*u - 1307. Give k(12).
949
Let f(u) = -27*u**3 - 5*u**2 - 5*u - 4. Calculate f(-1).
23
Let n(z) = 86*z - 9664. What is n(114)?
140
Let f(g) = 3264*g + 24362. Determine f(-8).
-1750
Let j(y) = -y**3 + 67*y**2 + 448*y - 6258. Determine j(72).
78
Let a(c) = 1412536*c - 4237613. Calculate a(3).
-5
Let f(s) = -s**3 - 128*s**2 - 1917*s - 7506. Give f(-7).
-16
Let d(o) = -1722*o - 8676. Determine d(-5).
-66
Let l(r) = -8*r**3 + 2*r**2 - 5*r - 80. Calculate l(-3).
169
Let t(g) = -26*g**2 - 89*g + 177. Give t(2).
-105
Let k(y) = y**3 - 32*y**2 + 14*y + 536. Give k(31).
9
Let i(s) = -s**2 - 40*s + 846. Calculate i(0).
846
Let l(o) = -37*o**3 + 97*o**2 + 49*o - 126. Calculate l(3).
-105
Let n(r) = r**3 - 71*r**2 + 1025*r + 2138. Determine n(50).
888
Let y(p) = -5*p**2 + 89*p + 1643. What is y(-21)?
-2431
Let c(o) = 3*o**2 + 166*o + 1400. Determine c(-39).
-511
Let b(t) = -1035*t - 517482. What is b(-500)?
18
Let n(q) = -q**3 - 71*q**2 + 1267*q - 2283. Determine n(13).
-8
Let s(o) = 8969*o + 26917. Give s(-3).
10
Let u(g) = 2*g**2 - 326*g + 6636. Determine u(139).
-36
Let o(i) = -i**2 + 45458*i - 363597. Calculate o(8).
3
Let c(o) = -o**3 + o**2 + 17*o + 112. What is c(-5)?
177
Let a(x) = -4938*x**2 - 16*x + 7. What is a(0)?
7
Let u(k) = k**2 + 1154*k - 22012. Determine u(19).
275
Let k(y) = -y**2 + 2736*y - 145183. Calculate k(54).
-355
Let u(c) = 4976*c - 34708. What is u(7)?
124
Let d(a) = a**3 + 20*a**2 + 67*a + 1893. Determine d(-21).
45
Let h(b) = -12522*b + 12476. What is h(1)?
-46
Let u(q) = -16*q**3 - 6125*q**2 + 1246*q + 37150. Give u(-383).
-1
Let c(p) = -p**3 + 195*p**2 + 88*p - 91490. Calculate c(193).
-8
Let s(m) = 81206*m + 162410. Calculate s(-2).
-2
Let m(w) = 2*w**3 + 71*w**2 + 46*w - 563. Give m(-36).
-3515
Let z(u) = -854*u + 39423. What is z(45)?
993
Let w(m) = 30835*m + 4409441. Calculate w(-143).
36
Let f(y) = 1539*y - 30835. Determine f(20).
-55
Let b(r) = -19*r**2 + 433*r + 180. Determine b(22).
510
